{"id":44,"date":"2024-04-15T13:20:49","date_gmt":"2024-04-15T13:20:49","guid":{"rendered":"http:\/\/siedlergemeinschaft-cappeln.de\/?page_id=44"},"modified":"2025-04-20T09:47:19","modified_gmt":"2025-04-20T09:47:19","slug":"veranstaltungen","status":"publish","type":"page","link":"http:\/\/siedlergemeinschaft-cappeln.de\/?page_id=44","title":{"rendered":"Veranstaltungen"},"content":{"rendered":"\t\t<div data-elementor-type=\"wp-page\" data-elementor-id=\"44\" class=\"elementor elementor-44\" data-elementor-settings=\"{&quot;ha_cmc_init_switcher&quot;:&quot;no&quot;}\">\n\t\t\t\t<div class=\"elementor-element elementor-element-57a1416 e-flex e-con-boxed wpr-particle-no wpr-jarallax-no wpr-parallax-no wpr-sticky-section-no wpr-equal-height-no e-con e-parent\" data-id=\"57a1416\" data-element_type=\"container\" data-e-type=\"container\" data-settings=\"{&quot;_ha_eqh_enable&quot;:false}\">\n\t\t\t\t\t<div class=\"e-con-inner\">\n\t\t<div class=\"elementor-element elementor-element-aacfed3 e-con-full e-flex wpr-particle-no wpr-jarallax-no wpr-parallax-no wpr-sticky-section-no wpr-equal-height-no e-con e-child\" data-id=\"aacfed3\" data-element_type=\"container\" data-e-type=\"container\" data-settings=\"{&quot;_ha_eqh_enable&quot;:false}\">\n\t\t\t\t<div class=\"elementor-element elementor-element-7cb2eb0 elementor-widget elementor-widget-image\" data-id=\"7cb2eb0\" data-element_type=\"widget\" data-e-type=\"widget\" data-widget_type=\"image.default\">\n\t\t\t\t<div class=\"elementor-widget-container\">\n\t\t\t\t\t\t\t\t\t\t\t\t\t\t\t\t<a href=\"https:\/\/www.facebook.com\/siedlercappeln\/?locale=de_DE\">\n\t\t\t\t\t\t\t<img fetchpriority=\"high\" decoding=\"async\" width=\"221\" height=\"300\" src=\"http:\/\/siedlergemeinschaft-cappeln.de\/wp-content\/uploads\/2025\/04\/WhatsApp-Image-2025-04-20-at-10.37.27-1-221x300.jpeg\" class=\"attachment-medium size-medium wp-image-288\" alt=\"\" srcset=\"http:\/\/siedlergemeinschaft-cappeln.de\/wp-content\/uploads\/2025\/04\/WhatsApp-Image-2025-04-20-at-10.37.27-1-221x300.jpeg 221w, http:\/\/siedlergemeinschaft-cappeln.de\/wp-content\/uploads\/2025\/04\/WhatsApp-Image-2025-04-20-at-10.37.27-1-754x1024.jpeg 754w, http:\/\/siedlergemeinschaft-cappeln.de\/wp-content\/uploads\/2025\/04\/WhatsApp-Image-2025-04-20-at-10.37.27-1-768x1042.jpeg 768w, http:\/\/siedlergemeinschaft-cappeln.de\/wp-content\/uploads\/2025\/04\/WhatsApp-Image-2025-04-20-at-10.37.27-1-1132x1536.jpeg 1132w, http:\/\/siedlergemeinschaft-cappeln.de\/wp-content\/uploads\/2025\/04\/WhatsApp-Image-2025-04-20-at-10.37.27-1-1509x2048.jpeg 1509w, http:\/\/siedlergemeinschaft-cappeln.de\/wp-content\/uploads\/2025\/04\/WhatsApp-Image-2025-04-20-at-10.37.27-1-scaled.jpeg 1886w\" sizes=\"(max-width: 221px) 100vw, 221px\" \/>\t\t\t\t\t\t\t\t<\/a>\n\t\t\t\t\t\t\t\t\t\t\t\t\t\t\t<\/div>\n\t\t\t\t<\/div>\n\t\t\t\t<\/div>\n\t\t<div class=\"elementor-element elementor-element-afe8fef e-con-full e-flex wpr-particle-no wpr-jarallax-no wpr-parallax-no wpr-sticky-section-no wpr-equal-height-no e-con e-child\" data-id=\"afe8fef\" data-element_type=\"container\" data-e-type=\"container\" data-settings=\"{&quot;_ha_eqh_enable&quot;:false}\">\n\t\t\t\t<div class=\"elementor-element elementor-element-0a7029d elementor-widget elementor-widget-text-editor\" data-id=\"0a7029d\" data-element_type=\"widget\" data-e-type=\"widget\" data-widget_type=\"text-editor.default\">\n\t\t\t\t<div class=\"elementor-widget-container\">\n\t\t\t\t\t\t\t\t\t<p>Mai<\/p><h2>17.05.2025 Spargelessen der Siedlergemeinschaft\u00a0<\/h2><p>Telefonische Anmeldung unter 04478 608558 oder siedler.cappeln@gmail.com<\/p>\t\t\t\t\t\t\t\t<\/div>\n\t\t\t\t<\/div>\n\t\t\t\t<\/div>\n\t\t\t\t\t<\/div>\n\t\t\t\t<\/div>\n\t\t<div class=\"elementor-element elementor-element-9a8f9f9 e-flex e-con-boxed wpr-particle-no wpr-jarallax-no wpr-parallax-no wpr-sticky-section-no wpr-equal-height-no e-con e-parent\" data-id=\"9a8f9f9\" data-element_type=\"container\" data-e-type=\"container\" data-settings=\"{&quot;_ha_eqh_enable&quot;:false}\">\n\t\t\t\t\t<div class=\"e-con-inner\">\n\t\t<div class=\"elementor-element elementor-element-9d03d9f e-con-full e-flex wpr-particle-no wpr-jarallax-no wpr-parallax-no wpr-sticky-section-no wpr-equal-height-no e-con e-child\" data-id=\"9d03d9f\" data-element_type=\"container\" data-e-type=\"container\" data-settings=\"{&quot;_ha_eqh_enable&quot;:false}\">\n\t\t\t\t<div class=\"elementor-element elementor-element-4e29aa9 elementor-widget elementor-widget-image\" data-id=\"4e29aa9\" data-element_type=\"widget\" data-e-type=\"widget\" data-widget_type=\"image.default\">\n\t\t\t\t<div class=\"elementor-widget-container\">\n\t\t\t\t\t\t\t\t\t\t\t\t\t\t\t\t<a href=\"https:\/\/www.facebook.com\/siedlercappeln\/?locale=de_DE\">\n\t\t\t\t\t\t\t<img decoding=\"async\" width=\"300\" height=\"229\" src=\"http:\/\/siedlergemeinschaft-cappeln.de\/wp-content\/uploads\/2025\/04\/stadradelnscreenshot-300x229.jpg\" class=\"attachment-medium size-medium wp-image-321\" alt=\"\" srcset=\"http:\/\/siedlergemeinschaft-cappeln.de\/wp-content\/uploads\/2025\/04\/stadradelnscreenshot-300x229.jpg 300w, http:\/\/siedlergemeinschaft-cappeln.de\/wp-content\/uploads\/2025\/04\/stadradelnscreenshot-1024x782.jpg 1024w, http:\/\/siedlergemeinschaft-cappeln.de\/wp-content\/uploads\/2025\/04\/stadradelnscreenshot-768x587.jpg 768w, http:\/\/siedlergemeinschaft-cappeln.de\/wp-content\/uploads\/2025\/04\/stadradelnscreenshot-1536x1174.jpg 1536w, http:\/\/siedlergemeinschaft-cappeln.de\/wp-content\/uploads\/2025\/04\/stadradelnscreenshot.jpg 1661w\" sizes=\"(max-width: 300px) 100vw, 300px\" \/>\t\t\t\t\t\t\t\t<\/a>\n\t\t\t\t\t\t\t\t\t\t\t\t\t\t\t<\/div>\n\t\t\t\t<\/div>\n\t\t\t\t<\/div>\n\t\t<div class=\"elementor-element elementor-element-28cb11f e-con-full e-flex wpr-particle-no wpr-jarallax-no wpr-parallax-no wpr-sticky-section-no wpr-equal-height-no e-con e-child\" data-id=\"28cb11f\" data-element_type=\"container\" data-e-type=\"container\" data-settings=\"{&quot;_ha_eqh_enable&quot;:false}\">\n\t\t\t\t<div class=\"elementor-element elementor-element-fe39c58 elementor-widget elementor-widget-text-editor\" data-id=\"fe39c58\" data-element_type=\"widget\" data-e-type=\"widget\" data-widget_type=\"text-editor.default\">\n\t\t\t\t<div class=\"elementor-widget-container\">\n\t\t\t\t\t\t\t\t\t<p>STADTRADELN &#8211; Radeln f\u00fcr ein gutes Klima\u00a0<\/p><p>Beim Wettbewerb STADTRADELN trittst du 21 Tage in die Pedale f\u00fcr mehr Radf\u00f6rderung, Klimaschutz und Lebensqualit\u00e4t in deiner Kommune.\u00a0<\/p><p><a href=\"https:\/\/www.stadtradeln.de\/index.php?id=171&amp;L=0&amp;team_preselect=14404\">STADTRADELN<\/a><\/p>\t\t\t\t\t\t\t\t<\/div>\n\t\t\t\t<\/div>\n\t\t\t\t<\/div>\n\t\t\t\t\t<\/div>\n\t\t\t\t<\/div>\n\t\t<div class=\"elementor-element elementor-element-9a3f0d0 e-flex e-con-boxed wpr-particle-no wpr-jarallax-no wpr-parallax-no wpr-sticky-section-no wpr-equal-height-no e-con e-parent\" data-id=\"9a3f0d0\" data-element_type=\"container\" data-e-type=\"container\" data-settings=\"{&quot;_ha_eqh_enable&quot;:false}\">\n\t\t\t\t\t<div class=\"e-con-inner\">\n\t\t<div class=\"elementor-element elementor-element-e8c07cf e-con-full e-flex wpr-particle-no wpr-jarallax-no wpr-parallax-no wpr-sticky-section-no wpr-equal-height-no e-con e-child\" data-id=\"e8c07cf\" data-element_type=\"container\" data-e-type=\"container\" data-settings=\"{&quot;_ha_eqh_enable&quot;:false}\">\n\t\t\t\t<div class=\"elementor-element elementor-element-9cb39bd elementor-widget elementor-widget-image\" data-id=\"9cb39bd\" data-element_type=\"widget\" data-e-type=\"widget\" data-widget_type=\"image.default\">\n\t\t\t\t<div class=\"elementor-widget-container\">\n\t\t\t\t\t\t\t\t\t\t\t\t\t\t\t\t<a href=\"https:\/\/www.facebook.com\/siedlercappeln\/?locale=de_DE\">\n\t\t\t\t\t\t\t<img decoding=\"async\" width=\"217\" height=\"300\" src=\"http:\/\/siedlergemeinschaft-cappeln.de\/wp-content\/uploads\/2025\/04\/20250407_194835-217x300.jpg\" class=\"attachment-medium size-medium wp-image-277\" alt=\"\" srcset=\"http:\/\/siedlergemeinschaft-cappeln.de\/wp-content\/uploads\/2025\/04\/20250407_194835-217x300.jpg 217w, http:\/\/siedlergemeinschaft-cappeln.de\/wp-content\/uploads\/2025\/04\/20250407_194835-741x1024.jpg 741w, http:\/\/siedlergemeinschaft-cappeln.de\/wp-content\/uploads\/2025\/04\/20250407_194835-768x1062.jpg 768w, http:\/\/siedlergemeinschaft-cappeln.de\/wp-content\/uploads\/2025\/04\/20250407_194835-1111x1536.jpg 1111w, http:\/\/siedlergemeinschaft-cappeln.de\/wp-content\/uploads\/2025\/04\/20250407_194835.jpg 1240w\" sizes=\"(max-width: 217px) 100vw, 217px\" \/>\t\t\t\t\t\t\t\t<\/a>\n\t\t\t\t\t\t\t\t\t\t\t\t\t\t\t<\/div>\n\t\t\t\t<\/div>\n\t\t\t\t<\/div>\n\t\t<div class=\"elementor-element elementor-element-af068fb e-con-full e-flex wpr-particle-no wpr-jarallax-no wpr-parallax-no wpr-sticky-section-no wpr-equal-height-no e-con e-child\" data-id=\"af068fb\" data-element_type=\"container\" data-e-type=\"container\" data-settings=\"{&quot;_ha_eqh_enable&quot;:false}\">\n\t\t\t\t<div class=\"elementor-element elementor-element-9603bb4 elementor-widget elementor-widget-text-editor\" data-id=\"9603bb4\" data-element_type=\"widget\" data-e-type=\"widget\" data-widget_type=\"text-editor.default\">\n\t\t\t\t<div class=\"elementor-widget-container\">\n\t\t\t\t\t\t\t\t\t<p>April\u00a0<\/p><h2>11.04.2025 Generalversammlung\u00a0<\/h2><p>17.05.2025 Spargelessen<\/p><p>Telefonische Anmeldung unter 04478 608558 oder siedler.cappeln@gmail.com<\/p>\t\t\t\t\t\t\t\t<\/div>\n\t\t\t\t<\/div>\n\t\t\t\t<\/div>\n\t\t\t\t\t<\/div>\n\t\t\t\t<\/div>\n\t\t<div class=\"elementor-element elementor-element-0c99af5 e-flex e-con-boxed wpr-particle-no wpr-jarallax-no wpr-parallax-no wpr-sticky-section-no wpr-equal-height-no e-con e-parent\" data-id=\"0c99af5\" data-element_type=\"container\" data-e-type=\"container\" data-settings=\"{&quot;_ha_eqh_enable&quot;:false}\">\n\t\t\t\t\t<div class=\"e-con-inner\">\n\t\t<div class=\"elementor-element elementor-element-5b7d506 e-con-full e-flex wpr-particle-no wpr-jarallax-no wpr-parallax-no wpr-sticky-section-no wpr-equal-height-no e-con e-child\" data-id=\"5b7d506\" data-element_type=\"container\" data-e-type=\"container\" data-settings=\"{&quot;_ha_eqh_enable&quot;:false}\">\n\t\t\t\t<div class=\"elementor-element elementor-element-d275450 elementor-widget elementor-widget-image\" data-id=\"d275450\" data-element_type=\"widget\" data-e-type=\"widget\" data-widget_type=\"image.default\">\n\t\t\t\t<div class=\"elementor-widget-container\">\n\t\t\t\t\t\t\t\t\t\t\t\t\t\t\t\t<a href=\"https:\/\/www.facebook.com\/siedlercappeln\/?locale=de_DE\">\n\t\t\t\t\t\t\t<img loading=\"lazy\" decoding=\"async\" width=\"150\" height=\"150\" src=\"http:\/\/siedlergemeinschaft-cappeln.de\/wp-content\/uploads\/2025\/02\/WhatsApp-Image-2025-02-13-at-17.19.33-150x150.jpeg\" class=\"attachment-thumbnail size-thumbnail wp-image-222\" alt=\"\" \/>\t\t\t\t\t\t\t\t<\/a>\n\t\t\t\t\t\t\t\t\t\t\t\t\t\t\t<\/div>\n\t\t\t\t<\/div>\n\t\t\t\t<\/div>\n\t\t<div class=\"elementor-element elementor-element-cc47be8 e-con-full e-flex wpr-particle-no wpr-jarallax-no wpr-parallax-no wpr-sticky-section-no wpr-equal-height-no e-con e-child\" data-id=\"cc47be8\" data-element_type=\"container\" data-e-type=\"container\" data-settings=\"{&quot;_ha_eqh_enable&quot;:false}\">\n\t\t\t\t<div class=\"elementor-element elementor-element-9876d70 elementor-widget elementor-widget-text-editor\" data-id=\"9876d70\" data-element_type=\"widget\" data-e-type=\"widget\" data-widget_type=\"text-editor.default\">\n\t\t\t\t<div class=\"elementor-widget-container\">\n\t\t\t\t\t\t\t\t\t<p>Februar<\/p>\n<h2>Bo\u00dfeltour mit Gr\u00fcnkohl oder Schnitzel&nbsp;<\/h2>\n<p><\/p>\t\t\t\t\t\t\t\t<\/div>\n\t\t\t\t<\/div>\n\t\t\t\t<\/div>\n\t\t\t\t\t<\/div>\n\t\t\t\t<\/div>\n\t\t\t\t<\/div>\n\t\t","protected":false},"excerpt":{"rendered":"<p>Mai 17.05.2025 Spargelessen der Siedlergemeinschaft\u00a0 Telefonische Anmeldung unter 04478 608558 oder siedler.cappeln@gmail.com STADTRADELN &#8211; Radeln f\u00fcr ein gutes Klima\u00a0 Beim<\/p>\n","protected":false},"author":1,"featured_media":0,"parent":26,"menu_order":0,"comment_status":"closed","ping_status":"closed","template":"","meta":{"footnotes":""},"class_list":["post-44","page","type-page","status-publish","hentry"],"yoast_head":"<!-- This site is optimized with the Yoast SEO plugin v27.5 - https:\/\/yoast.com\/product\/yoast-seo-wordpress\/ -->\n<title>Veranstaltungen - siedlergemeinschaft-cappeln<\/title>\n<meta name=\"description\" content=\"Veranstaltungen\" \/>\n<meta name=\"robots\" content=\"index, follow, max-snippet:-1, max-image-preview:large, max-video-preview:-1\" \/>\n<link rel=\"canonical\" href=\"http:\/\/siedlergemeinschaft-cappeln.de\/?page_id=44\" \/>\n<meta property=\"og:locale\" content=\"de_DE\" \/>\n<meta property=\"og:type\" content=\"article\" \/>\n<meta property=\"og:title\" content=\"Veranstaltungen - siedlergemeinschaft-cappeln\" \/>\n<meta property=\"og:description\" content=\"Veranstaltungen\" \/>\n<meta property=\"og:url\" content=\"http:\/\/siedlergemeinschaft-cappeln.de\/?page_id=44\" \/>\n<meta property=\"og:site_name\" content=\"siedlergemeinschaft-cappeln\" \/>\n<meta property=\"article:modified_time\" content=\"2025-04-20T09:47:19+00:00\" \/>\n<meta property=\"og:image\" content=\"http:\/\/siedlergemeinschaft-cappeln.de\/wp-content\/uploads\/2025\/04\/WhatsApp-Image-2025-04-20-at-10.37.27-1-scaled.jpeg\" \/>\n\t<meta property=\"og:image:width\" content=\"1886\" \/>\n\t<meta property=\"og:image:height\" content=\"2560\" \/>\n\t<meta property=\"og:image:type\" content=\"image\/jpeg\" \/>\n<meta name=\"twitter:card\" content=\"summary_large_image\" \/>\n<meta name=\"twitter:label1\" content=\"Gesch\u00e4tzte Lesezeit\" \/>\n\t<meta name=\"twitter:data1\" content=\"2\u00a0Minuten\" \/>\n<script type=\"application\/ld+json\" class=\"yoast-schema-graph\">{\"@context\":\"https:\\\/\\\/schema.org\",\"@graph\":[{\"@type\":\"WebPage\",\"@id\":\"http:\\\/\\\/siedlergemeinschaft-cappeln.de\\\/?page_id=44\",\"url\":\"http:\\\/\\\/siedlergemeinschaft-cappeln.de\\\/?page_id=44\",\"name\":\"Veranstaltungen - siedlergemeinschaft-cappeln\",\"isPartOf\":{\"@id\":\"http:\\\/\\\/siedlergemeinschaft-cappeln.de\\\/#website\"},\"primaryImageOfPage\":{\"@id\":\"http:\\\/\\\/siedlergemeinschaft-cappeln.de\\\/?page_id=44#primaryimage\"},\"image\":{\"@id\":\"http:\\\/\\\/siedlergemeinschaft-cappeln.de\\\/?page_id=44#primaryimage\"},\"thumbnailUrl\":\"http:\\\/\\\/siedlergemeinschaft-cappeln.de\\\/wp-content\\\/uploads\\\/2025\\\/04\\\/WhatsApp-Image-2025-04-20-at-10.37.27-1-221x300.jpeg\",\"datePublished\":\"2024-04-15T13:20:49+00:00\",\"dateModified\":\"2025-04-20T09:47:19+00:00\",\"description\":\"Veranstaltungen\",\"breadcrumb\":{\"@id\":\"http:\\\/\\\/siedlergemeinschaft-cappeln.de\\\/?page_id=44#breadcrumb\"},\"inLanguage\":\"de\",\"potentialAction\":[{\"@type\":\"ReadAction\",\"target\":[\"http:\\\/\\\/siedlergemeinschaft-cappeln.de\\\/?page_id=44\"]}]},{\"@type\":\"ImageObject\",\"inLanguage\":\"de\",\"@id\":\"http:\\\/\\\/siedlergemeinschaft-cappeln.de\\\/?page_id=44#primaryimage\",\"url\":\"http:\\\/\\\/siedlergemeinschaft-cappeln.de\\\/wp-content\\\/uploads\\\/2025\\\/04\\\/WhatsApp-Image-2025-04-20-at-10.37.27-1-scaled.jpeg\",\"contentUrl\":\"http:\\\/\\\/siedlergemeinschaft-cappeln.de\\\/wp-content\\\/uploads\\\/2025\\\/04\\\/WhatsApp-Image-2025-04-20-at-10.37.27-1-scaled.jpeg\",\"width\":1886,\"height\":2560},{\"@type\":\"BreadcrumbList\",\"@id\":\"http:\\\/\\\/siedlergemeinschaft-cappeln.de\\\/?page_id=44#breadcrumb\",\"itemListElement\":[{\"@type\":\"ListItem\",\"position\":1,\"name\":\"Startseite\",\"item\":\"http:\\\/\\\/siedlergemeinschaft-cappeln.de\\\/\"},{\"@type\":\"ListItem\",\"position\":2,\"name\":\"Siedlergemeinschaft Cappeln\",\"item\":\"http:\\\/\\\/siedlergemeinschaft-cappeln.de\\\/\"},{\"@type\":\"ListItem\",\"position\":3,\"name\":\"Veranstaltungen\"}]},{\"@type\":\"WebSite\",\"@id\":\"http:\\\/\\\/siedlergemeinschaft-cappeln.de\\\/#website\",\"url\":\"http:\\\/\\\/siedlergemeinschaft-cappeln.de\\\/\",\"name\":\"siedlergemeinschaft-cappeln\",\"description\":\"\",\"publisher\":{\"@id\":\"http:\\\/\\\/siedlergemeinschaft-cappeln.de\\\/#organization\"},\"potentialAction\":[{\"@type\":\"SearchAction\",\"target\":{\"@type\":\"EntryPoint\",\"urlTemplate\":\"http:\\\/\\\/siedlergemeinschaft-cappeln.de\\\/?s={search_term_string}\"},\"query-input\":{\"@type\":\"PropertyValueSpecification\",\"valueRequired\":true,\"valueName\":\"search_term_string\"}}],\"inLanguage\":\"de\"},{\"@type\":\"Organization\",\"@id\":\"http:\\\/\\\/siedlergemeinschaft-cappeln.de\\\/#organization\",\"name\":\"siedlergemeinschaft-cappeln\",\"url\":\"http:\\\/\\\/siedlergemeinschaft-cappeln.de\\\/\",\"logo\":{\"@type\":\"ImageObject\",\"inLanguage\":\"de\",\"@id\":\"http:\\\/\\\/siedlergemeinschaft-cappeln.de\\\/#\\\/schema\\\/logo\\\/image\\\/\",\"url\":\"http:\\\/\\\/siedlergemeinschaft-cappeln.de\\\/wp-content\\\/uploads\\\/2024\\\/05\\\/cropped-headermeu-1.jpg\",\"contentUrl\":\"http:\\\/\\\/siedlergemeinschaft-cappeln.de\\\/wp-content\\\/uploads\\\/2024\\\/05\\\/cropped-headermeu-1.jpg\",\"width\":926,\"height\":349,\"caption\":\"siedlergemeinschaft-cappeln\"},\"image\":{\"@id\":\"http:\\\/\\\/siedlergemeinschaft-cappeln.de\\\/#\\\/schema\\\/logo\\\/image\\\/\"}}]}<\/script>\n<!-- \/ Yoast SEO plugin. -->","yoast_head_json":{"title":"Veranstaltungen - siedlergemeinschaft-cappeln","description":"Veranstaltungen","robots":{"index":"index","follow":"follow","max-snippet":"max-snippet:-1","max-image-preview":"max-image-preview:large","max-video-preview":"max-video-preview:-1"},"canonical":"http:\/\/siedlergemeinschaft-cappeln.de\/?page_id=44","og_locale":"de_DE","og_type":"article","og_title":"Veranstaltungen - siedlergemeinschaft-cappeln","og_description":"Veranstaltungen","og_url":"http:\/\/siedlergemeinschaft-cappeln.de\/?page_id=44","og_site_name":"siedlergemeinschaft-cappeln","article_modified_time":"2025-04-20T09:47:19+00:00","og_image":[{"width":1886,"height":2560,"url":"http:\/\/siedlergemeinschaft-cappeln.de\/wp-content\/uploads\/2025\/04\/WhatsApp-Image-2025-04-20-at-10.37.27-1-scaled.jpeg","type":"image\/jpeg"}],"twitter_card":"summary_large_image","twitter_misc":{"Gesch\u00e4tzte Lesezeit":"2\u00a0Minuten"},"schema":{"@context":"https:\/\/schema.org","@graph":[{"@type":"WebPage","@id":"http:\/\/siedlergemeinschaft-cappeln.de\/?page_id=44","url":"http:\/\/siedlergemeinschaft-cappeln.de\/?page_id=44","name":"Veranstaltungen - siedlergemeinschaft-cappeln","isPartOf":{"@id":"http:\/\/siedlergemeinschaft-cappeln.de\/#website"},"primaryImageOfPage":{"@id":"http:\/\/siedlergemeinschaft-cappeln.de\/?page_id=44#primaryimage"},"image":{"@id":"http:\/\/siedlergemeinschaft-cappeln.de\/?page_id=44#primaryimage"},"thumbnailUrl":"http:\/\/siedlergemeinschaft-cappeln.de\/wp-content\/uploads\/2025\/04\/WhatsApp-Image-2025-04-20-at-10.37.27-1-221x300.jpeg","datePublished":"2024-04-15T13:20:49+00:00","dateModified":"2025-04-20T09:47:19+00:00","description":"Veranstaltungen","breadcrumb":{"@id":"http:\/\/siedlergemeinschaft-cappeln.de\/?page_id=44#breadcrumb"},"inLanguage":"de","potentialAction":[{"@type":"ReadAction","target":["http:\/\/siedlergemeinschaft-cappeln.de\/?page_id=44"]}]},{"@type":"ImageObject","inLanguage":"de","@id":"http:\/\/siedlergemeinschaft-cappeln.de\/?page_id=44#primaryimage","url":"http:\/\/siedlergemeinschaft-cappeln.de\/wp-content\/uploads\/2025\/04\/WhatsApp-Image-2025-04-20-at-10.37.27-1-scaled.jpeg","contentUrl":"http:\/\/siedlergemeinschaft-cappeln.de\/wp-content\/uploads\/2025\/04\/WhatsApp-Image-2025-04-20-at-10.37.27-1-scaled.jpeg","width":1886,"height":2560},{"@type":"BreadcrumbList","@id":"http:\/\/siedlergemeinschaft-cappeln.de\/?page_id=44#breadcrumb","itemListElement":[{"@type":"ListItem","position":1,"name":"Startseite","item":"http:\/\/siedlergemeinschaft-cappeln.de\/"},{"@type":"ListItem","position":2,"name":"Siedlergemeinschaft Cappeln","item":"http:\/\/siedlergemeinschaft-cappeln.de\/"},{"@type":"ListItem","position":3,"name":"Veranstaltungen"}]},{"@type":"WebSite","@id":"http:\/\/siedlergemeinschaft-cappeln.de\/#website","url":"http:\/\/siedlergemeinschaft-cappeln.de\/","name":"siedlergemeinschaft-cappeln","description":"","publisher":{"@id":"http:\/\/siedlergemeinschaft-cappeln.de\/#organization"},"potentialAction":[{"@type":"SearchAction","target":{"@type":"EntryPoint","urlTemplate":"http:\/\/siedlergemeinschaft-cappeln.de\/?s={search_term_string}"},"query-input":{"@type":"PropertyValueSpecification","valueRequired":true,"valueName":"search_term_string"}}],"inLanguage":"de"},{"@type":"Organization","@id":"http:\/\/siedlergemeinschaft-cappeln.de\/#organization","name":"siedlergemeinschaft-cappeln","url":"http:\/\/siedlergemeinschaft-cappeln.de\/","logo":{"@type":"ImageObject","inLanguage":"de","@id":"http:\/\/siedlergemeinschaft-cappeln.de\/#\/schema\/logo\/image\/","url":"http:\/\/siedlergemeinschaft-cappeln.de\/wp-content\/uploads\/2024\/05\/cropped-headermeu-1.jpg","contentUrl":"http:\/\/siedlergemeinschaft-cappeln.de\/wp-content\/uploads\/2024\/05\/cropped-headermeu-1.jpg","width":926,"height":349,"caption":"siedlergemeinschaft-cappeln"},"image":{"@id":"http:\/\/siedlergemeinschaft-cappeln.de\/#\/schema\/logo\/image\/"}}]}},"_links":{"self":[{"href":"http:\/\/siedlergemeinschaft-cappeln.de\/index.php?rest_route=\/wp\/v2\/pages\/44","targetHints":{"allow":["GET"]}}],"collection":[{"href":"http:\/\/siedlergemeinschaft-cappeln.de\/index.php?rest_route=\/wp\/v2\/pages"}],"about":[{"href":"http:\/\/siedlergemeinschaft-cappeln.de\/index.php?rest_route=\/wp\/v2\/types\/page"}],"author":[{"embeddable":true,"href":"http:\/\/siedlergemeinschaft-cappeln.de\/index.php?rest_route=\/wp\/v2\/users\/1"}],"replies":[{"embeddable":true,"href":"http:\/\/siedlergemeinschaft-cappeln.de\/index.php?rest_route=%2Fwp%2Fv2%2Fcomments&post=44"}],"version-history":[{"count":49,"href":"http:\/\/siedlergemeinschaft-cappeln.de\/index.php?rest_route=\/wp\/v2\/pages\/44\/revisions"}],"predecessor-version":[{"id":330,"href":"http:\/\/siedlergemeinschaft-cappeln.de\/index.php?rest_route=\/wp\/v2\/pages\/44\/revisions\/330"}],"up":[{"embeddable":true,"href":"http:\/\/siedlergemeinschaft-cappeln.de\/index.php?rest_route=\/wp\/v2\/pages\/26"}],"wp:attachment":[{"href":"http:\/\/siedlergemeinschaft-cappeln.de\/index.php?rest_route=%2Fwp%2Fv2%2Fmedia&parent=44"}],"curies":[{"name":"wp","href":"https:\/\/api.w.org\/{rel}","templated":true}]}}